+ -3b19b?
-3b1a3
In base 5, what is 223112 + 311?
223423
In base 11, what is 2 - 125051?
-12504a
In base 8, what is 1 + -6114?
-6113
In base 15, what is -5 - -1063a?
10635
In base 9, what is 5 - 44618?
-44613
In base 5, what is 124422 + -14?
124403
In base 7, what is -30 - -6445?
6415
In base 4, what is -102200322 + -113?
-102201101
In base 13, what is -5cb1 + -1?
-5cb2
In base 13, what is 0 - -8709?
8709
In base 10, what is -25968 - 3?
-25971
In base 3, what is -21020 - -12021?
-1222
In base 16, what is 2 - 29d8c?
-29d8a
In base 16, what is -18c9 + 3?
-18c6
In base 10, what is 3434 - -42?
3476
In base 2, what is -11000101101001 + 101?
-11000101100100
In base 14, what is 815 + 623?
1038
In base 7, what is -1256 - 2211?
-3500
In base 8, what is 1 - 7612?
-7611
In base 8, what is 5 - -162371?
162376
In base 9, what is 14 - 30427?
-30413
In base 6, what is 124555 + 1110?
130105
In base 6, what is -21 + 125221?
125200
In base 5, what is -4 - -1034202?
1034143
In base 5, what is 11302 + 3224?
20031
In base 10, what is 10 - 91346?
-91336
In base 15, what is -b9199 + 4?
-b9195
In base 11, what is 29674 + 5?
29679
In base 11, what is 10a5 - 20?
1085
In base 5, what is -12424002 + 4?
-12423443
In base 16, what is -135155 + -5?
-13515a
In base 12, what is 3 + -a31a0?
-a3199
In base 7, what is 545 + -152?
363
In base 11, what is -1a10a6 + -12?
-1a1108
In base 13, what is 16b3 - -c?
16c2
In base 4, what is 2033220 + 2333?
2102213
In base 11, what is 0 + 396917?
396917
In base 13, what is 178 + 4c23?
509b
In base 7, what is 1 + -533433?
-533432
In base 7, what is -65622 - 2?
-65624
In base 5, what is 214031 - -3?
214034
In base 12, what is 4 - b1a7?
-b1a3
In base 2, what is -1011111101011101001100 + 101?
-1011111101011101000111
In base 12, what is -6888 + 4?
-6884
In base 6, what is 12352 - 20?
12332
In base 16, what is -4 + -1f8e?
-1f92
In base 2, what is -10010100101 - -1100?
-10010011001
In base 6, what is 2423 + 3?
2430
In base 14, what is -4421 + 160?
-42a1
In base 16, what is -2b4c3 - 2?
-2b4c5
In base 11, what is -1222 - 4?
-1226
In base 16, what is 6 + 100da?
100e0
In base 10, what is 686 - 2065?
-1379
In base 7, what is 1236 + 4?
1243
In base 13, what is -6745 + 1b?
-6727
In base 7, what is -1065545 - 2?
-1065550
In base 2, what is 100000011111101010 - 10?
100000011111101000
In base 11, what is 1 - 10a63?
-10a62
In base 5, what is -1210432 + -10?
-1210442
In base 15, what is 18a4 + 0?
18a4
In base 6, what is -22 - 4150313?
-4150335
In base 7, what is -25553 - 5?
-25561
In base 3, what is -1212002 + -112?
-1212121
In base 15, what is 5 + 5ba9?
5bae
In base 8, what is 21 + 2062?
2103
In base 13, what is 1 + -9b32?
-9b31
In base 11, what is -8 + -8405?
-8412
In base 16, what is -f + -656?
-665
In base 16, what is de1ec - -2?
de1ee
In base 14, what is 5 + 1b8a?
1b91
In base 9, what is -21560 + 101?
-21458
In base 9, what is 40 - -262?
312
In base 8, what is -11 - -215342?
215331
In base 13, what is 244 - -56?
29a
In base 16, what is -143d + 3?
-143a
In base 14, what is 8 - 4829?
-4821
In base 6, what is 24 + -1444?
-1420
In base 12, what is 28 - b?
19
In base 6, what is -1152243 - -1?
-1152242
In base 7, what is 3 - 13141?
-13135
In base 8, what is -601 - 46?
-647
In base 8, what is -171310 - 2?
-171312
In base 15, what is 3 + 9230?
9233
In base 3, what is 12 - 121120120?
-121120101
In base 10, what is 7121984 - 0?
7121984
In base 9, what is -112 + -5?
-117
In base 9, what is -530 - 878?
-1518
In base 11, what is -5224 - -2?
-5222
In base 8, what is 460 + -104?
354
In base 9, what is 1 - 37512?
-37511
In base 10, what is 211 + 7454?
7665
In base 7, what is -12416146 - 5?
-12416154
In base 2, what is -111000010 - 1100101?
-1000100111
In base 16, what is -357bd3 + 4?
-357bcf
In base 14, what is -139 - -15?
-124
In base 12, what is 2 + -4ba4?
-4ba2
In base 6, what is -4 + -14442330?
-14442334
In base 6, what is 552 - -32251?
33243
In base 6, what is -1 - -42411?
42410
In base 14, what is 3a7 + -11b?
28a
In base 8, what is 4367530 - -5?
4367535
In base 12, what is -549a - 3?
-54a1
In base 8, what is 16 - -1216?
1234
In base 4, what is -3032001 - 3?
-3032010
In base 5, what is 44 - -1440?
2034
In base 14, what is -2b - -53b?
510
In base 15, what is -57e57 - 3?
-57e5a
In base 9, what is 3 - -60617?
60621
In base 4, what is -20 - 310211?
-310231
In base 2, what is -1010 - -1100100?
1011010
In base 5, what is -121 - -10210?
10034
In base 2, what is -10 + -10101101011001?
-10101101011011
In base 2, what is 101000 + -100110111000?
-100110010000
In base 9, what is 853 + 2?
855
In base 11, what is 83821 - 1?
83820
In base 12, what is 16 - -519a0?
519b6
In base 6, what is -121131012 + 4?
-121131004
In base 12, what is -231ba - 7?
-23205
In base 5, what is 11 + -3314232?
-3314221
In base 8, what is 25212 + -4?
25206
In base 2, what is -1101101100001 + 11?
-1101101011110
In base 11, what is -658 + -77?
-724
In base 12, what is 57 - a6b8?
-a661
In base 3, what is -10101 + -22100?
-102201
In base 13, what is 1c87b + 2?
1c880
In base 16, what is 258 - 182?
d6
In base 9, what is -155758 - -4?
-155754
In base 15, what is 1 + 1c0c5?
1c0c6
In base 13, what is 262c - -2?
2631
In base 12, what is -561 - -8a?
-493
In base 7, what is -14136 + -15?
-14154
In base 2, what is -101100100110 - -11110?
-101100001000
In base 15, what is cea5 - 4?
cea1
In base 11, what is -231 + 11899?
11668
In base 5, what is -111033242 - -1?
-111033241
In base 11, what is 5 + -4a112?
-4a108
In base 14, what is b45c + -3?
b459
In base 9, what is 330138 + 1?
330140
In base 16, what is a - -16ba?
16c4
In base 14, what is 73 - -5b8?
64b
In base 6, what is -4 - -21300024?
21300020
In base 12, what is 0 - 27b4?
-27b4
In base 7, what is -335266 + 1?
-335265
In base 12, what is 1124 - a1?
1043
In base 6, what is 11 - -35321?
35332
In base 5, what is -120 - 204230?
-204400
In base 9, what is 55 - -3218?
3274
In base 4, what is -203 - -103?
-100
In base 2, what is -101100111 + -110101010101?
-111010111100
In base 14, what is -85bb - 1?
-85bc
In base 12, what is 1212 - -7?
1219
In base 13, what is 2bb32 - -4?
2bb36
In base 4, what is -121233003 + -2?
-121233011
In base 15, what is -6 - -38ce?
38c8
In base 10, what is -3041 + -54?
-3095
In base 10, what is -72 + 33136?
33064
In base 11, what is -2 - 566?
-568
In base 14, what is -b + b04?
ad7
In base 14, what is 2 + 17688d?
176891
In base 9, what is 1731 - 103?
1627
In base 16, what is 18af + 3?
18b2
In base 16, what is -14 - 3124?
-3138
In base 12, what is -1247a1 + -5?
-1247a6
In base 14, what is -38 - -51b?
4c3
In base 6, what is 1 - 521453?
-521452
In base 11, what is -968663 - -1?
-968662
In base 8, what is -10670 + -175?
-11065
In base 10, what is -3 - -86504?
86501
In base 16, what is 222 + 2dd?
4ff
In base 8, what is -10577 - -7?
-10570
In base 13, what is 6 + -32c92?
-32c89
In base 3, what is 11112212220100 + -11?
11112212220012
In base 5, what is -1044202 - 3?
-1044210
In base 6, what is 2 - 145200?
-145154
In base 4, what is 12 - -23001011?
23001023
In base 10, what is -1 + -504453?
-504454
In base 9, what is 1156 + -100?
1056
In base 10, what is 5 - -321829?
321834
In base 7, what is 115244 + 6?
115253
In base 8, what is -3 - -16675?
16672
In base 10, what is 4 + -1054546?
-1054542
In base 13, what is aa9 - 4?
aa5
In base 4, what is 200332 + 1000?
201332
In base 12, what is 1121a5 - -5?
1121aa
In base 14, what is -134c3 - -4?
-134bd
In base 7, what is 66 - 5526?
-5430
In base 3, what is -2 + -211212201120?
-211212201122
In base 4, what is -33 + 11232003?
11231310
In base 5, what is 34 - -34021?
34110
In base 15, what is -1633 - 8?
-163b
In base 6, what is -1414 + -31?
-1445
In base 15, what is 1 - 3812e?
-3812d
In base 8, what is 452050 + 3?
452053
In base 5, what is 1 - 3042333?
-3042332
In base 11, what is -14 + -38540?
-38554
In base 15, what is 4 - 2454?
-2450
In base 7, what is 44 + 42013?
42060
In base 15, what is -2466 - 423?
-2889
In base 8, what is -13035 + -12?
-13047
In base 2, what is 1011001 + 1101?
1100110
In base 15, what is 1c71c + 5?
1c722
In base 4, what is -3223 + 20301?
11012
In base 15, what is 4c - 27e?
-232
In base 10, what is 47525 + 4?
47529
In base 12, what is 2 - -a792?
a794
In base 16, what is b0 + -697?
-5e7
In base